est common factor of 598545 and 470?
235
What is the highest common divisor of 13874 and 38049445?
6937
What is the greatest common factor of 25497634 and 2074?
122
Calculate the greatest common factor of 148925 and 269767.
851
Calculate the highest common factor of 6760805 and 1147210.
6445
Calculate the highest common divisor of 87 and 2493333.
87
Calculate the highest common factor of 2146966 and 454.
454
What is the highest common divisor of 51 and 38603039?
17
Calculate the greatest common divisor of 11609 and 2011929.
893
What is the highest common divisor of 144 and 6974955?
9
What is the greatest common divisor of 10 and 314915795?
5
What is the greatest common divisor of 1575 and 14203?
7
What is the greatest common divisor of 13 and 2573978927?
13
Calculate the greatest common factor of 847401497 and 9026.
4513
Calculate the highest common factor of 329 and 229257.
7
Calculate the highest common divisor of 121094 and 1828634.
382
Calculate the highest common factor of 23652 and 1875735.
657
Calculate the greatest common divisor of 2493 and 175.
1
What is the highest common factor of 86 and 29569466?
86
Calculate the greatest common divisor of 212156 and 8344.
28
What is the highest common factor of 388220 and 135?
5
Calculate the greatest common factor of 19 and 2471615.
19
Calculate the highest common divisor of 42 and 287880474.
42
Calculate the highest common divisor of 14675 and 37350.
25
What is the highest common factor of 662 and 89452750?
662
Calculate the greatest common divisor of 39070331 and 8653.
509
What is the highest common divisor of 4257725 and 532900?
1825
Calculate the highest common divisor of 282975 and 1257300.
825
What is the highest common factor of 51 and 12026293?
17
Calculate the greatest common factor of 190305 and 4005.
45
Calculate the greatest common factor of 1610660 and 17980.
580
What is the highest common divisor of 680 and 1635706?
34
What is the highest common factor of 48360 and 109800?
120
Calculate the highest common divisor of 4457570670 and 490.
490
Calculate the highest common divisor of 145 and 70008610.
145
Calculate the highest common divisor of 6990009 and 19227.
663
Calculate the greatest common divisor of 4820 and 8457895.
1205
Calculate the greatest common factor of 80 and 2025660.
20
What is the greatest common factor of 12975 and 5928900?
75
Calculate the greatest common divisor of 205017 and 258580.
1847
What is the greatest common divisor of 1977817 and 1?
1
What is the highest common divisor of 150 and 49282150?
50
Calculate the greatest common divisor of 5435604 and 1372.
4
What is the greatest common divisor of 7531 and 33810203?
443
Calculate the greatest common factor of 11524 and 3882556.
172
What is the greatest common factor of 1673 and 90267193?
239
What is the greatest common divisor of 370922164 and 7292?
7292
What is the highest common factor of 19260486 and 21?
21
What is the highest common factor of 1820808 and 27474?
114
What is the greatest common factor of 9360 and 4317144?
312
What is the highest common divisor of 3175235 and 224861?
2471
What is the greatest common factor of 375 and 36493920?
15
Calculate the greatest common divisor of 2334054 and 710.
142
What is the greatest common divisor of 55401987 and 6882?
111
Calculate the greatest common divisor of 28406 and 686.
14
Calculate the greatest common divisor of 3480 and 184640.
40
What is the greatest common factor of 59356 and 405460?
836
Calculate the highest common divisor of 23062826 and 2.
2
What is the greatest common divisor of 1139578 and 154517?
121
What is the highest common factor of 1367 and 966?
1
What is the highest common divisor of 231154208 and 21024?
2336
What is the highest common factor of 18989153 and 34?
17
Calculate the greatest common factor of 1939050 and 140430.
930
Calculate the highest common factor of 518305 and 155.
5
Calculate the highest common divisor of 360 and 35514936.
72
Calculate the highest common divisor of 20872371 and 188682.
2301
Calculate the highest common divisor of 16895 and 1092905.
155
What is the greatest common divisor of 472 and 57093356?
236
Calculate the greatest common divisor of 1480 and 3129904.
296
What is the greatest common factor of 1142175 and 33465?
1455
Calculate the highest common divisor of 2061508608 and 18.
18
Calculate the greatest common factor of 32190697 and 38269.
539
What is the greatest common factor of 899340 and 600?
60
What is the greatest common divisor of 3081 and 44304543?
237
Calculate the highest common divisor of 494 and 13322686.
494
Calculate the greatest common divisor of 11 and 48960406.
11
Calculate the highest common factor of 39754543 and 470352.
9799
What is the highest common divisor of 2376751 and 506?
23
What is the highest common divisor of 46962694 and 259?
37
What is the greatest common factor of 17025126 and 664?
166
What is the highest common divisor of 44183 and 21607?
17
What is the highest common factor of 2518873 and 305?
61
What is the highest common divisor of 708 and 1607748?
12
Calculate the highest common factor of 231593198 and 3134.
3134
Calculate the greatest common factor of 2369547 and 63.
9
What is the greatest common divisor of 1539 and 567017?
19
What is the highest common divisor of 57 and 22222039?
19
What is the greatest common divisor of 2136 and 153936?
24
What is the greatest common factor of 7347 and 4668663?
237
What is the highest common divisor of 212 and 3440813?
53
Calculate the greatest common factor of 1089124 and 1558.
82
Calculate the greatest common factor of 550751 and 92149.
2143
Calculate the greatest common factor of 39634 and 271054.
266
Calculate the highest common factor of 593413305 and 134.
67
Calculate the highest common factor of 10272 and 14316.
12
Calculate the highest common factor of 9622060 and 200.
20
What is the greatest common divisor of 48 and 51256626?
6
Calculate the highest common divisor of 83 and 83790160.
83
What is the highest common divisor of 13016 and 5507395?
1627
What is the highest common factor of 78766772 and 532?
28
Calculate the highest common factor of 432136 and 304.
152
Calculate the greatest common divisor of 28266528 and 684.
228
What is the greatest common divisor of 30129110 and 22?
22
Calculate the greatest common factor of 96 and 13442568.
24
What is the greatest common divisor of 18543 and 167412385?
6181
Calculate the greatest common divisor of 48489 and 56060211.
6927
What is the highest common divisor of 18 and 185532?
6
What is the highest common divisor of 5906 and 671210994?
5906
What is the greatest common divisor of 226044 and 329589?
351
Calculate the greatest common divisor of 120314 and 51858.
86
What is the highest common divisor of 19310 and 8190?
10
Calculate the highest common divisor of 976 and 4463736.
488
Calculate the highest common divisor of 410 and 16041332.
82
What is the greatest common divisor of 15253938 and 504?
126
What is the greatest common factor of 6202 and 1508850469?
3101
What is the highest common divisor of 19570082 and 455657?
7723
What is the greatest common factor of 333 and 410257332?
333
Calculate the highest common factor of 249350984 and 152.
152
Calculate the highest common factor of 66 and 42746506.
22
Calculate the greatest common divisor of 334474397 and 71.
71
Calculate the highest common divisor of 5093283 and 3723.
219
Calculate the greatest common factor of 5175 and 13382895.
345
Calculate the greatest common factor of 31 and 394477.
1
Calculate the highest common factor of 881398 and 8302.
14
What is the greatest common factor of 5914588 and 318?
106
Calculate the greatest common factor of 48132951 and 483.
69
Calculate the greatest common divisor of 15122924 and 4.
4
What is the greatest common divisor of 33833 and 4467427?
1471
Calculate the highest common factor of 7166736 and 2736.
144
What is the greatest common factor of 87 and 400606957?
29
Calculate the highest common divisor of 49877961 and 25530.
2553
What is the greatest common factor of 791458 and 688?
86
Calculate the highest common divisor of 208 and 13333060.
52
What is the highest common factor of 16631658 and 3?
3
Calculate the greatest common factor of 29995080 and 2580.
2580
What is the greatest common di